 39 - (-1 - 2))?
11
Calculate 1 - (-1 + (-1 + 4 - 4) + -2).
5
What is 9 - (4 - (-23 - -12))?
-6
0 + 5 - (-9 + 7 + 9 + 15)
-17
2 + -92 + 89 + 5 + -4 + 3
3
Evaluate -13 + (6 - -2) - (13 + 2 + -7).
-13
Calculate (-7 - -12) + 7 - 6.
6
725 - 711 - (-10 - -1)
23
What is (1 - -4) + 99 + -89?
15
What is the value of (1 - 5 - (312 + -325)) + -17?
-8
What is 1 + (13 - 2) - (-21 - (33 + -49))?
17
Calculate -11 - -15 - (-5 + 0 - -11) - -9.
7
What is the value of 5 + 0 + (-30 - -21) + 5?
1
Calculate -7 + 14 - (-4 + 3 + 1) - -1.
8
Calculate 12 + (2 - 11) + -21 + 35.
17
Evaluate (2 - (-17 + 1)) + (203 - 213).
8
Evaluate (-13 - (9 - 19)) + (-5 - 0) - -2.
-6
Calculate -17 + 13 + -8 + 6.
-6
41 - (-41 - -76) - 13
-7
What is -1 + -7 + (-21 - (-21 + 9))?
-17
5 + 0 + 38 + -20 + -41
-18
8 + 3 - (12 + -10 + 28)
-19
Evaluate (-19 - 3) + 0 + (-22 - -24) - -8.
-12
12 - (10 + -28 - -33)
-3
Evaluate (6 - ((6 - -5) + (-1 - 9))) + -3.
2
What is -30 + 16 + -2 + 31 - -12?
27
Evaluate (12 - 0) + (-124 - -114).
2
Calculate 39 - (83 - (1 - -9)).
-34
What is the value of (7 + -6 - -18) + -8?
11
Calculate -1 - -2 - (175 - 171) - (0 + -12).
9
3 - (4 + -2 - 7) - (4 - 11)
15
Calculate 2 + -41 + (-9 - -29).
-19
Evaluate 7 + (5 + 1 - (-10 + 11)).
12
Evaluate 7 + (10 - 3 - 10 - -5).
9
What is the value of 2 - (-19 + 50 + -4)?
-25
Calculate (2 - -6 - (-29 - -29)) + (3 - 40).
-29
What is the value of -10 - -36 - (-8 + 0 - (2 + -7))?
29
Calculate -8 - (-7 + 14 - 15) - (0 + -4).
4
12 - ((-10 - -8) + 19)
-5
(0 - -27) + (20 - 17) + 3
33
Evaluate 20 - (10 + -6) - 17.
-1
What is the value of -7 + -9 - (-19 + 2)?
1
What is -1333 + 1338 - (-2 - -1)?
6
What is -16 + 6 + 25 - 8?
7
Calculate -25 - (12 + (9 - 36)).
-10
Calculate -43 + 10 - (-24 + 6).
-15
Calculate (10 + -8 - (0 + (-2 - 4))) + -3.
5
What is the value of (-1 + 3 + -7 - (1 - 9)) + 1?
4
1 - -7 - ((0 - 8) + -3)
19
Calculate -18 + (4 - (-15 - -4)).
-3
Evaluate -148 + 134 + (-1 - -10 - 0) - 4.
-9
What is 16 - 0 - (54 - (43 - 0))?
5
What is the value of 1 - (-1 + -3 - (-3 - -1 - -7))?
10
-274 + 274 + (-5 - 0)
-5
What is the value of 7 + (4 - 3) - (-22 - -29)?
1
Evaluate (16 - (1 + (-4 + 1 - -12))) + -4.
2
Evaluate 12 - (11 - -2 - (-23 + 24)).
0
Evaluate -1 + -17 + -18 + 37.
1
Calculate -26 - (4 - (6 + 11)).
-13
Evaluate -5 - (11 - (70 - 35)).
19
Calculate (-15 - 1) + 526 + -522.
-12
Evaluate 0 + -7 - (-7 - (1 + -3)).
-2
Evaluate -19 - -11 - (22 + -22).
-8
What is 3 + (-21 - (-4 + -13))?
-1
What is 7 + -12 + 12 + -3 + -15 + 2?
-9
Calculate -2 + 1 + (6 - (-6 - (5 - 6))).
10
-7 + 8 + (10 - 7 - 20)
-16
What is the value of -9 + -1 - (-63 - -45 - (-10 + 2))?
0
Calculate -12 + (8 + 23 - 25) + (23 - 1).
16
Calculate -16 + -11 + 10 + 24.
7
(2 - 1) + 4 - (-7 - 7)
19
-6 + -75 + 82 + 2 + 2
5
Evaluate 4 + (8 + -7 + 3 - (2 + 2)).
4
What is -17 + 2 + 32 + -6?
11
What is the value of -18 + -45 - -23 - -56?
16
What is the value of -5 + -9 - (-34 + 5)?
15
(17 + -42 - -14) + 9 + -5
-7
What is the value of -5 + 2 + 1 + -1 + 17 + -26?
-12
Evaluate 2 + -2 + (-4 - (4 + -1)).
-7
What is the value of 5 + 4 + (-10 - -17 - 2)?
14
Calculate -3 + 16 + -6 + -13.
-6
8 + -6 + -6 - (-13 + 2)
7
What is (-5 - -1) + (7 - (7 + -4)) + -10?
-10
What is -5 + 4 + 1 + 5 - (-15 + 0)?
20
What is (9 - (0 + 15)) + 5 - -6?
5
Calculate -3 + 2 + (4 - 8) + 30.
25
What is -16 + (1 - -16) + (-2 - -1)?
0
-10 - (-35 + 17 + -22)
30
Calculate -9 - (18 - (0 + 18)).
-9
What is (-7 + 23 - 19) + (9 - -3)?
9
-4 - ((-9 - 1) + 4) - 12
-10
Calculate (1 - -6) + (73 - 62) + 1.
19
What is 6 + 7 + 4 + -7?
10
What is the value of (-3 - -10 - (23 - 28)) + -22?
-10
Calculate -13 - ((-8 - -4) + 5 + -7) - 3.
-10
5 - (2 - 2 - -2)
3
Calculate ((25 - 14) + -13 - (8 - 2)) + 0.
-8
What is the value of (0 - -1 - 13) + -27 + (-14 - -39)?
-14
4 - 8 - 3 - ((0 - 2) + -3)
-2
(1 - 3 - -2) + (190 - 167)
23
Evaluate -10 + 14 + 0 + -13 + -1 + -1.
-11
Evaluate (199 - 207) + (35 - 1).
26
Evaluate 77 - (45 + (-32 - -30)).
34
What is 31 + -37 + 33 + 5 + 7 + -3?
36
What is the value of -5 + -12 - -14 - (0 - (1 - 0))?
-2
Calculate (-5 - 0) + -166 + 179 + (-4 - -8).
12
Calculate 1 + -66 + (1691 - 1659).
-33
Evaluate (3 - (6 - 6)) + -6 - 3.
-6
Calculate -7 - (-1 - -2) - (5 + -29 + 24).
-8
-16 + 0 + (-14 - -13) + 2
-15
(1 - (6 - 3)) + 0 + 2 + 5
5
What is (-316 - -292) + (15 - 0)?
-9
What is the value of (3 - -1) + (778 - 777)?
5
Evaluate (0 + -18 - (-5 - -2)) + -5 + 9.
-11
1 - (0 - -20 - (46 - 42))
-15
What is the value of 3 + (-8 + 7 - 10) + 9?
1
Evaluate (-1 - -1) + (3 - -4) - (555 + -530).
-18
-3 - (11 - (5 - 5))
-14
Calculate (-9 - (2 + 2 + 6)) + 4.
-15
Evaluate -25 - -5 - ((2 - -7) + -86 + 79).
-22
Evaluate 3 - -7 - 43 - -18.
-15
What is -44 - (-4 - 1) - (7 + -21)?
-25
7 + -2 + 13 + 9 + (10 - 30)
7
Evaluate (3 - -2) + (5 - 6).
4
What is 333 - 342 - ((2 - 2) + -7)?
-2
Calculate -65 + 75 + -15 + 2.
-3
What is the value of 4 - (2 + 8 + (0 - -5 - 11))?
0
What is (-6 - -30 - 12) + -1?
11
Evaluate 49 - ((36 - -3) + -14).
24
What is the value of -22 - -4 - (7 - 13)?
-12
What is the value of 5 + (-11 - (-4 - (9 - -13)))?
20
Calculate 12 - (1 + (0 - 10 - -16)) - -6.
11
What is the value of 7 + -1 - ((14 - 8) + 13 + -9)?
-4
What is -11 - -4 - (-7 - (-7 + 13 - -1))?
7
What is the value of -12 + ((3 - 15) + 8 - -10)?
-6
What is -13 + (-1 - -8) + (20 - 3)?
11
What is the value of (-8 - -3) + 15 + -15 + -4 - 8?
-17
Calculate 5 + (-12 + 1 - (1 - 6)) + -7.
-8
Calculate -5 - (-17 + -16 - -7) - (-8 + -1).
30
What is the value of 29 - (4 - (-16 - (-11 - 2)))?
22
What is the value of 2 + (-10 + 9 - (2 + -8)) - 19?
-12
Calculate (13 - (-7 + 7) - 3) + -11.
-1
What is 11 - 13 - (4 + (0 - 6))?
0
What is the value of -3 + 0 - (69 + -58 + (-1 - 12))?
-1
Calculate 63 - 6 - 23 - 17.
17
What is 46 + -25 + (-18 - -19)?
22
Evaluate (-13 - 7) + (5 - (4 + -8 + 4)).
-15
-15 - -5 - -2 - (6 + -4 + 5)
-15
What is the value of (2 - (5 - -12)) + -4 - -2?
-17
Evaluate 8 - 3 - (0 - -5 - (-16 + 25)).
9
4 - (-1 + 4 + 2 + -4) - 0
3
What is -7 + 4 + (-14 - (-13 + 4)) + 6?
-2
2 - (1 + -1) - (5 - 50 - -37)
10
Calculate 4 + 10 + -34 + 12 + -4.
-12
What is the value of -5 - (20 + -14 + -8)?
-3
Evaluate -23 + 11 - (-39 + (-1 - -3)).
25
Calculate 17 + -12 + 3 - 9.
-1
What is the value of -19 - (-30 - -39 - 13)?
-15
What is -7 - -3 - -5 - (-50 - -48) - -6?
9
-16 + (-13 - -21) + 27
19
What is (4 - 13) + (5 - (-13 + 13)) - 0?
-4
4 - 2 - (-72 - -78)
-4
What is the value of (1 + -42 - -7) + 17?
-17
What is the value of 20 - (-6 + (36 - 20 - (3 - -7)))?
20
What is -492 + 484 - (1 - (-1 - 0))?
-10
Calculate 2 + (-3 + 14 - 1).
12
Evaluate -11 - -7 - (-3 - 7) - 3.
3
Evaluate -15 + 1 + 4 + -10.
-20
Evaluate 6 - -10 - -16 - (3 - -10).
19
What is (86 - 81) + 3 + -19?
-11
What is the value of -3 - (-18 + -11 + 14)?
12
-55 + 55 - (0 + 2 - -6) - -40
32
Calculate 1 + -19 - (-387 + 367).
2
(16 - 1) + (67 - 20) + -36
26
What is 4 - (-15 + (0 - -3) + 5)?
11
What is 350 + -330 + (3 - 6)?
17
Evaluate 0 + 1 - (-9 - -17) - -17.
10
-63 + 16 + 3 + 6
-38
What is the value of 38 - 39 - (6 - -6)?
-13
-14 + (16 - 15 - -24)
11
What is the value of -3 + (0 + 0 + 0 - (32 - 29))?
-6
What is (16 - 0) + 2 + -18 + 9?
9
Evaluate -12 + 0 + -1 + 8 - -6.
1
What is the value of (-29 - (16 + -13)) + 18?
-14
Evaluate 11 - (-1 - ((-9 - -3) + 1)) - -9.
16
Calculate -6 - (-6 + (-5 - (4 + -10) - -6)).
-7
Evaluate 540 + -553 + (-2 + 23 - -3).
11
Evaluate -22 + 21 + -12 + 28.
15
Evaluate 25 - (-37 + 11 - -66).
-15
1 - -15 - (250 + -243)
9
Calculate 19 + -11 + 19 - 16.
11
(0 - 2) + 98 + -101
-5
What is (-71 + 77 - (3 + 1)) + 8 + 2?
12
Calculate (2 - -24) + 0 + (-5 - -1) + -1.
21
Calculate -32 - (-1 - -2 - (65 - 58)).
-26
What is 1 + 0 + -60 + 64?
5
What is the value of -9 + (-1 - 0) + (-1174 - -1176)?
-8
What is 21 - (-2 + (-1 - -13 - 13 - -13))?
11
Calculate 9 + -4 + 2 + 4 + -8.
3
Evaluate (-6 + 10 - -4) + 6 - -4 - -1.
19
Evaluate 23 + -16 - (2 - 2).
7
What is the value of 28 + -14 - -22 - 24?
12
What is -11 + 12 - (1 + 7 - (2 - -6))?
1
What is the value of -17 - ((12 - -8) + -17)?
-20
Calculate -12 + 13 - (-3 - (-7 + 5)) - -2.
4
Evaluate -16 + (-42 - -46) + 23.
11
Evaluate 4 + 32 + -24 - 15.
-3
What is -6 - (10 + -39 - -14) - (1 - 6)?
14
What is -36 + -14 + 13 + 10?
-27
What is the value of -8 - (0 + 12 + (-3 - (-1 + 3)))?